j - 7. Let g be ((-27)/36)/((-2)/8). Let s(c) = g*m(c) + 5*k(c). Is s(2) composite?
True
Let v be 16/(0 - 8) + (-658 - 0). Let g = -355 - v. Is g a prime number?
False
Let w be 4 - (-1 - -1)*-1. Suppose 0 = w*x - 6 - 2. Is 254 + (x - 5) + 0 a composite number?
False
Suppose 517 = 4*a + 5*t, -2*a + 3*a - 4*t = 145. Let z = a + 198. Is z a prime number?
True
Is 2418 + (-19)/(57/(-24)) composite?
True
Let b(r) = -13*r**2 + 5*r + 22. Let l(g) = 12*g**2 - 6*g - 21. Let q(n) = 2*b(n) + 3*l(n). Is q(8) composite?
False
Let y = 4238 + 83. Is y composite?
True
Suppose 4*i - 2280 = -0*i. Suppose 0*d + i = 5*d. Is 4 - 1 - (4 - d) a prime number?
True
Let k be 2*(-1441)/6 - (-3)/9. Let j = 1111 + k. Is j a prime number?
True
Let d be 2803/2 + (-21)/(-14). Suppose -2*q - g + 937 = 0, 0*g - d = -3*q - g. Is (-8)/(-20) - q/(-10) a composite number?
False
Let n(j) = -j**3 - 19*j**2 + 22*j. Let l be n(-20). Is (-2)/(-8) + (-830)/l a composite number?
True
Suppose -5 + 2 = -a. Suppose 1 = q - 4, a*o = -q + 683. Suppose p - 4*p = x - o, -149 = -2*p - x. Is p a prime number?
False
Suppose 0 = 43*p - 51*p + 176. Is p a composite number?
True
Let a = 17240 + 27597. Is a a composite number?
True
Let n = -25 + 29. Suppose -n*i + 14 = 6. Suppose -674 = -i*k + 4*b, -2*k = -6*k - 2*b + 1318. Is k composite?
False
Let j(u) = -4*u**3 + 8*u**2 + 11*u + 5. Let h be j(9). Is (16/32)/((-2)/h) a composite number?
False
Let i(q) = 45*q**2 - 276*q - 56. Is i(23) composite?
False
Suppose -h - 5509 = -3*h + 3*v, 2*h - 5*v - 5515 = 0. Let a = h - 1549. Is a a composite number?
False
Let r(k) = -5*k + 21. Is r(-22) composite?
False
Suppose 0 = -4*t + 6*t + 4*j + 16, 4*t + 5*j + 20 = 0. Suppose -3*z = -t*z - 777. Let u = z + -68. Is u a composite number?
False
Is 2049 - (4/(-12) + 1)*3 composite?
True
Let l = 48 - 88. Is ((-787)/(-5))/((-8)/l) a composite number?
False
Is (-4)/(-24) - (-159215)/42 prime?
False
Let t(u) = -7*u**3 + 7*u**2 + 5*u - 3. Suppose -20 = 7*p - 2*p. Is t(p) a prime number?
False
Let t(f) = -f**3 - 4*f**2 + 2*f + 10. Let x = 1 + 26. Suppose 0 = 5*z - 8*z - x. Is t(z) composite?
False
Is 8/(-10) + (-4 - 19881/(-45)) a composite number?
True
Let g be 2/5 + 2603/5. Suppose v - 561 = g. Is v prime?
False
Let i = 1681 + -740. Is i prime?
True
Let v(l) = 2*l**3 - 10*l**2 - 18*l + 1. Is v(14) a composite number?
True
Let d(p) = -p**3 - 50*p**2 - 64*p - 164. Is d(-51) prime?
True
Let q be (-10635)/(-9) - (-1)/3. Suppose 8*n = 10*n - q. Is n prime?
False
Let c be 1260 + (4/(-2))/(-2). Is c + -5 - 3 - (-3 - 1) prime?
False
Let p(b) = -b**3 + 22*b**2 - b + 44. Let q(j) = 12*j - 14. Let f be q(3). Is p(f) a composite number?
True
Suppose 6*p - 3*p = -4*c + 7704, 4*c - 12832 = -5*p. Suppose -2*k + p = -2*y, 3*k + 2*y - 3870 = -3*y. Is k prime?
False
Suppose -124*q + 192240 = 5*t - 119*q, -4*t + 153791 = 3*q. Is t composite?
False
Is (-2)/6 + (-25188)/(-18) a prime number?
True
Let v(g) = -27*g - 17. Suppose -23*k + 18*k - 25 = 0. Is v(k) prime?
False
Let i be (1 + 4)*(14 + -13). Suppose -41 = -4*b + 5*r, -i*b + 8 = -r - 17. Suppose -318 = -b*d - t, 2*t - 19 = 4*d - 331. Is d a composite number?
False
Suppose 38*g = 37*g + 2231. Is g a composite number?
True
Let f(m) = 3988*m - 51. Is f(23) prime?
True
Suppose 29*m + 256649 = 60*m. Is m a prime number?
False
Let o(w) = -w + 2. Let u be o(-12). Suppose u*a + 140 = 18*a. Is a a composite number?
True
Let l = -6447 + 11810. Is l composite?
True
Let s(i) = i**3 + 4*i**2 + 3*i + 4. Suppose -7*h + 6*h = 3. Let o be s(h). Suppose o*b + 2*f - 225 + 9 = 0, -267 = -5*b - 4*f. Is b composite?
True
Let k(w) be the first derivative of 1/2*w**2 + 2 - 29/4*w**4 + 1/3*w**3 - w. Is k(-2) a composite number?
False
Is 10/(-15)*33*(-226)/4 prime?
False
Suppose 0 = 23*n - 14*n - 44901. Is n a composite number?
True
Let q = 0 - -3. Let g(k) = 15*k**3 - 4*k. Is g(q) a prime number?
False
Let y be 3/(-9) - (-57)/9. Suppose 0 = 5*a + m - 240, 2*m - y*m = -20. Is a a composite number?
False
Suppose 4865 = 4*a - 823. Suppose -a - 488 = -10*u. Is u a prime number?
True
Suppose 0 = 69*s - 66*s - 1257. Is s composite?
False
Let q = -8230 + 28707. Is q composite?
False
Suppose 2*u + 4*f - 618 = 0, 3*f + 687 = 5*u - 832. Let w = u + -74. Let x = w - -166. Is x a prime number?
True
Suppose x - 4*c = 6, -4 = 2*x - c - 44. Let n be ((-99)/x)/((-6)/(-32)). Is (-452)/n*3*2 composite?
False
Suppose -243414 = 33*h - 51*h. Is h a composite number?
False
Suppose 10*r = 3*r + 3017. Suppose s - t - 1555 + r = 0, 0 = 5*s - 3*t - 5614. Suppose s = 3*z - 136. Is z composite?
False
Let m(l) = l**3 + 7*l**2 - 7*l + 10. Let w be m(-8). Suppose 0*j - 1499 = -4*o - 5*j, 757 = w*o + 5*j. Is o prime?
False
Suppose -5*z + 5*o + 160 = 0, -3*z + 96 = -2*o + 4*o. Let y = z + -13. Is y a prime number?
True
Let b = -16 + 17. Let z be (b + 2)/(18/12). Suppose -417 = -3*t - z*l - 2*l, t = l + 146. Is t prime?
False
Suppose 6*n = 4*n - 4*h + 20, 0 = -n - 4*h + 14. Suppose 350 = -n*r + 4304. Is r a composite number?
False
Suppose 0 = -15*n + 79321 + 305309. Is n a prime number?
False
Suppose 0 = -4*t + 4, q - 31294 = 13*t - 18*t. Is q a composite number?
True
Suppose -4*r - r + 139500 = o, 2*r - 5*o - 55773 = 0. Is r a composite number?
True
Let z = -44 - -71. Suppose -z*v + 22*v + 16355 = 0. Is v a composite number?
False
Let a = -2188 - -4975. Is a a composite number?
True
Let p = 25 + -22. Suppose 3*n = -3*w + 354, -p*w - 788 = -5*n - 222. Is n prime?
False
Suppose 4 = y, 24 = 5*g - y + 8. Suppose -g*p = 3*c - 2*c + 8, 2*c = 4*p - 4. Let f(u) = -7*u + 3. Is f(c) composite?
False
Suppose -442 = -3*o - 10*o. Suppose 3 = -r + o. Is r composite?
False
Suppose 0 = -2*r - 5*k + 2078, 0 = k + 3*k. Is r a prime number?
True
Suppose -13*t + 87634 = -64843. Is t composite?
True
Suppose b + 1 = 5. Suppose b*h = 5*u - 3784 + 943, -h = 4*u - 2256. Let m = -382 + u. Is m a composite number?
True
Let l(i) = 2*i**2 + 9*i. Let x be l(-6). Let q be (-3 - 12)*((-27)/15 + 3). Is 3982/x - (-4)/q composite?
True
Let w be 86/18 + 6/27. Let k(u) = -2*u**3 - 4*u**2 - u + 7. Let z be k(w). Let x = -157 - z. Is x prime?
True
Let z be 13/(-5) + (-12)/30. Is ((-1478)/z)/((-8)/(-12)) prime?
True
Suppose 3 = -u + 7. Suppose 5*r - 5872 = -3*j, 2*r - u*r = j - 1957. Is j prime?
False
Suppose -i + 22 = 4*f, -4*i + 37 = 5*f - 40. Is 80770/i - 18/81 a prime number?
False
Let s(m) = 49*m**2 - 77*m - 139. Is s(-35) prime?
True
Let w(s) = -46 - 46 + 91 + 16*s**2 - 8*s. Suppose -k = -3*k - 12. Is w(k) a composite number?
True
Let a be (2 - (-1)/1)*(3 - 2). Is (-10)/5 + 5*267/a prime?
True
Suppose 2 - 8 = g. Is (g/(-8))/((-8)/(-8416)) a composite number?
True
Let d(z) = 8392*z - 145. Is d(2) prime?
False
Suppose 5*c - 4*d - 535 - 280 = 0, -2*d + 511 = 3*c. Suppose -k + c = 45. Is k prime?
False
Let j(d) be the third derivative of d**6/120 + d**5/60 + d**4/24 + 449*d**3/6 + 50*d**2. Suppose -z + 2*k = 4*z - 6, 4*k = 3*z - 12. Is j(z) a composite number?
False
Suppose -2*i - 10 = 0, 0*s + 14 = 2*s - 4*i. Let w be (s/(-2))/(6/4). Is 4 + -7 + (w - -228) a composite number?
True
Suppose -6896 = -c - 447. Is c a composite number?
False
Let l = 5 - 2. Let t(i) = -5*i - 121. Let x be t(-36). Suppose -l*c = -x + 2. Is c a composite number?
False
Let l(f) = 2777*f**3 + f**2 - 2*f + 1. Is l(1) prime?
True
Let g(s) = -6*s - 3*s**3 - s**2 + 7 + 4*s**3 + 10*s. Let x = -2 - -8. Is g(x) composite?
False
Let b(a) = 373*a**3 - a**2 - 11*a + 32. Is b(3) prime?
True
Suppose 2*s - 5*s - 3*y + 21 = 0, y = -4*s + 19. Suppose -6*l = -s*l - 1338. Is l composite?
True
Suppose 0 = 4*j - 3*x + 7*x - 1856, 4*j + 5*x = 1853. Suppose -5 = -0*l - l, -3*s + j = -2*l. Is s a composite number?
True
Let l(g) = -11*g**2 - g - 1. Let f be l(-1). Let y = f + 13. Let w(k) = 42*k - 7. Is w(y) prime?
False
Let o(z) = z**2 - 8*z + 1. Let b be o(8). Let y(u) = -157*u - 13. Let s(t) = 78*t + 7. Let r(c) = -11*s(c) - 6*y(c). Is r(b) a composite number?
True
Let r(k) = 3*k**3 + 4*k**2 - 7*k + 6. Let h(o) = o**3 + o**2 + 1. Let b(s) = -h(s) - r(s). Is b(-6) a composite number?
True
Let d = 2 - -37. Suppose -d = -21*f + 18*f. Suppose 2*t = 3*t - f. Is t prime?
True
Let s = 71818 + -26051. Is s a composite number?
False
Suppose 3*j = 3, -2*b - 16*j + 17*j + 70197 = 0.